{"id":1519,"date":"2018-12-14T12:34:29","date_gmt":"2018-12-14T12:34:29","guid":{"rendered":"https:\/\/www.hmcsports.pt\/hmc\/?post_type=product&#038;p=1519"},"modified":"2025-05-08T13:36:10","modified_gmt":"2025-05-08T13:36:10","slug":"pack-kids","status":"publish","type":"product","link":"https:\/\/www.hmcsports.pt\/hmc\/product\/pack-kids\/","title":{"rendered":"Pack de Aulas Kids"},"content":{"rendered":"<h1>Pack de Aulas Kids<\/h1>\n<p>Este pack inclui 5 aulas para crian\u00e7as em diversas modalidades, pensadas para promover o desenvolvimento f\u00edsico, emocional e social dos mais pequenos.<\/p>\n<h5>Inclui:<\/h5>\n<ul>\n<li><strong>5 Aulas kids:<\/strong> Cada aula \u00e9 desenhada para estimular o desenvolvimento motor, a coordena\u00e7\u00e3o e a autoconfian\u00e7a das crian\u00e7as, num ambiente seguro e acolhedor<\/li>\n<li><strong>Oferta de voucher:<\/strong> Receba um voucher para uma experi\u00eancia gratuita (qualquer aula ou acesso ao gin\u00e1sio) para oferecer a um amigo n\u00e3o s\u00f3cio, permitindo que outra pessoa possa tamb\u00e9m desfrutar das atividades<\/li>\n<\/ul>\n<h5>Modalidades dispon\u00edveis:<\/h5>\n<p><a href=\"https:\/\/hmcsports.pt\/modalidade\/karate\/39\/\">Karat\u00e9<\/a> | <a href=\"https:\/\/hmcsports.pt\/modalidade\/dancas-urbanas\/23\/\">Dan\u00e7as Urbanas<\/a> | <a href=\"https:\/\/hmcsports.pt\/modalidade\/ballet\/50\/\">Ballet<\/a> | <a href=\"https:\/\/www.hmcsports.pt\/hmc\/natacao-bebes\/\">Nata\u00e7\u00e3o para Beb\u00e9s<\/a><\/p>\n","protected":false},"excerpt":{"rendered":"<p>Proporcione \u00e0 sua crian\u00e7a uma experi\u00eancia divertida e saud\u00e1vel.<\/p>\n","protected":false},"featured_media":1498,"comment_status":"closed","ping_status":"closed","template":"","meta":[],"product_brand":[],"product_cat":[366,349],"product_tag":[234,315,327,331],"class_list":{"0":"post-1519","1":"product","2":"type-product","3":"status-publish","4":"has-post-thumbnail","6":"product_cat-packs-de-aulas","7":"product_cat-servicos","8":"product_tag-aulas-kids","9":"product_tag-kids","10":"product_tag-modalidades-criancas","11":"product_tag-pack-de-aulas","13":"first","14":"instock","15":"virtual","16":"taxable","17":"purchasable","18":"product-type-simple"},"_links":{"self":[{"href":"https:\/\/www.hmcsports.pt\/hmc\/wp-json\/wp\/v2\/product\/1519","targetHints":{"allow":["GET"]}}],"collection":[{"href":"https:\/\/www.hmcsports.pt\/hmc\/wp-json\/wp\/v2\/product"}],"about":[{"href":"https:\/\/www.hmcsports.pt\/hmc\/wp-json\/wp\/v2\/types\/product"}],"replies":[{"embeddable":true,"href":"https:\/\/www.hmcsports.pt\/hmc\/wp-json\/wp\/v2\/comments?post=1519"}],"version-history":[{"count":2,"href":"https:\/\/www.hmcsports.pt\/hmc\/wp-json\/wp\/v2\/product\/1519\/revisions"}],"predecessor-version":[{"id":6365,"href":"https:\/\/www.hmcsports.pt\/hmc\/wp-json\/wp\/v2\/product\/1519\/revisions\/6365"}],"wp:featuredmedia":[{"embeddable":true,"href":"https:\/\/www.hmcsports.pt\/hmc\/wp-json\/wp\/v2\/media\/1498"}],"wp:attachment":[{"href":"https:\/\/www.hmcsports.pt\/hmc\/wp-json\/wp\/v2\/media?parent=1519"}],"wp:term":[{"taxonomy":"product_brand","embeddable":true,"href":"https:\/\/www.hmcsports.pt\/hmc\/wp-json\/wp\/v2\/product_brand?post=1519"},{"taxonomy":"product_cat","embeddable":true,"href":"https:\/\/www.hmcsports.pt\/hmc\/wp-json\/wp\/v2\/product_cat?post=1519"},{"taxonomy":"product_tag","embeddable":true,"href":"https:\/\/www.hmcsports.pt\/hmc\/wp-json\/wp\/v2\/product_tag?post=1519"}],"curies":[{"name":"wp","href":"https:\/\/api.w.org\/{rel}","templated":true}]}}