{"id":1522,"date":"2018-12-14T12:38:29","date_gmt":"2018-12-14T12:38:29","guid":{"rendered":"https:\/\/www.hmcsports.pt\/hmc\/?post_type=product&#038;p=1522"},"modified":"2025-05-08T13:33:19","modified_gmt":"2025-05-08T13:33:19","slug":"pack-fitness","status":"publish","type":"product","link":"https:\/\/www.hmcsports.pt\/hmc\/product\/pack-fitness\/","title":{"rendered":"Pack de Aulas Fitness #5"},"content":{"rendered":"<h1>Pack de Aulas Fitness + Gin\u00e1sio<\/h1>\n<p>Este pack oferece-lhe 5 aulas de grupo e a liberdade de utilizar o gin\u00e1sio ou a piscina em regime livre, permitindo-lhe explorar diversas modalidades e descobrir os benef\u00edcios de cada uma.<\/p>\n<h5>Inclui:<\/h5>\n<ul>\n<li><strong>5 Aulas de grupo:<\/strong> Cada aula \u00e9 uma oportunidade para se desafiar e explorar novos estilos de treino<\/li>\n<li><strong>Acesso ao <a href=\"https:\/\/hmcsports.pt\/modalidade\/cardio-fitness-musculacao\/29\/\">gin\u00e1sio<\/a> ou <a href=\"https:\/\/hmcsports.pt\/regime_livre.php\">piscina em regime livre<\/a>:<\/strong> Utilize as nossas instala\u00e7\u00f5es para treinar ao seu pr\u00f3prio ritmo, seja no gin\u00e1sio ou na piscina<\/li>\n<li><strong>Oferta de voucher:<\/strong> Receba um voucher para uma experi\u00eancia gratuita (qualquer aula ou gin\u00e1sio) que pode oferecer a um amigo n\u00e3o s\u00f3cio<\/li>\n<\/ul>\n<h5>Benef\u00edcios:<\/h5>\n<ul>\n<li><strong>Variedade e flexibilidade:<\/strong> Com uma ampla gama de modalidades, pode escolher as que mais se adequam aos seus objetivos, seja para perder peso, tonificar, relaxar ou simplesmente divertir-se<\/li>\n<li><strong>Experi\u00eancia compartilhada:<\/strong> D\u00ea a um amigo a oportunidade de experimentar uma aula ou o gin\u00e1sio com o voucher inclu\u00eddo<\/li>\n<\/ul>\n<h5>Modalidades dispon\u00edveis:<\/h5>\n<p><a href=\"https:\/\/hmcsports.pt\/modalidade\/cycling\/9\/\">Cycling<\/a> | <a href=\"https:\/\/hmcsports.pt\/modalidade\/pilates-fitness\/13\/\">Pilates Fitness<\/a> | <a href=\"https:\/\/hmcsports.pt\/hmc\/hidroginastica\/\">Hidrogin\u00e1stica<\/a> | <a href=\"https:\/\/hmcsports.pt\/modalidade\/hidrobike\/24\/\">Hidrobike<\/a> | <a href=\"https:\/\/hmcsports.pt\/modalidade\/trx\/16\/\">TRX<\/a> | <a href=\"https:\/\/hmcsports.pt\/modalidade\/cross-training\/15\/\">Cross Training<\/a> | <a href=\"https:\/\/hmcsports.pt\/modalidade\/yoga\/20\/\">Yoga<\/a> | <a href=\"https:\/\/hmcsports.pt\/modalidade\/gap\/11\/\">GAP<\/a> | <a href=\"https:\/\/hmcsports.pt\/modalidade\/hmc-running\/35\/\">HMC Running<\/a> | <a href=\"https:\/\/hmcsports.pt\/modalidade\/hiit\/38\/\">HIIT<\/a><\/p>\n","protected":false},"excerpt":{"rendered":"<p>Aproveite ao m\u00e1ximo a sua rotina de exerc\u00edcios.<\/p>\n","protected":false},"featured_media":3495,"comment_status":"closed","ping_status":"closed","template":"","meta":[],"product_brand":[],"product_cat":[366,349],"product_tag":[233,307,331],"class_list":{"0":"post-1522","1":"product","2":"type-product","3":"status-publish","4":"has-post-thumbnail","6":"product_cat-packs-de-aulas","7":"product_cat-servicos","8":"product_tag-aulas-fitness","9":"product_tag-fitness","10":"product_tag-pack-de-aulas","12":"first","13":"instock","14":"virtual","15":"taxable","16":"purchasable","17":"product-type-simple"},"_links":{"self":[{"href":"https:\/\/www.hmcsports.pt\/hmc\/wp-json\/wp\/v2\/product\/1522","targetHints":{"allow":["GET"]}}],"collection":[{"href":"https:\/\/www.hmcsports.pt\/hmc\/wp-json\/wp\/v2\/product"}],"about":[{"href":"https:\/\/www.hmcsports.pt\/hmc\/wp-json\/wp\/v2\/types\/product"}],"replies":[{"embeddable":true,"href":"https:\/\/www.hmcsports.pt\/hmc\/wp-json\/wp\/v2\/comments?post=1522"}],"version-history":[{"count":2,"href":"https:\/\/www.hmcsports.pt\/hmc\/wp-json\/wp\/v2\/product\/1522\/revisions"}],"predecessor-version":[{"id":6364,"href":"https:\/\/www.hmcsports.pt\/hmc\/wp-json\/wp\/v2\/product\/1522\/revisions\/6364"}],"wp:featuredmedia":[{"embeddable":true,"href":"https:\/\/www.hmcsports.pt\/hmc\/wp-json\/wp\/v2\/media\/3495"}],"wp:attachment":[{"href":"https:\/\/www.hmcsports.pt\/hmc\/wp-json\/wp\/v2\/media?parent=1522"}],"wp:term":[{"taxonomy":"product_brand","embeddable":true,"href":"https:\/\/www.hmcsports.pt\/hmc\/wp-json\/wp\/v2\/product_brand?post=1522"},{"taxonomy":"product_cat","embeddable":true,"href":"https:\/\/www.hmcsports.pt\/hmc\/wp-json\/wp\/v2\/product_cat?post=1522"},{"taxonomy":"product_tag","embeddable":true,"href":"https:\/\/www.hmcsports.pt\/hmc\/wp-json\/wp\/v2\/product_tag?post=1522"}],"curies":[{"name":"wp","href":"https:\/\/api.w.org\/{rel}","templated":true}]}}