{"id":2215,"date":"2019-05-21T10:25:54","date_gmt":"2019-05-21T10:25:54","guid":{"rendered":"https:\/\/www.hmcsports.pt\/hmc\/?post_type=product&#038;p=2215"},"modified":"2026-04-16T09:33:32","modified_gmt":"2026-04-16T09:33:32","slug":"cin-feira","status":"publish","type":"product","link":"https:\/\/www.hmcsports.pt\/hmc\/product\/cin-feira\/","title":{"rendered":"Curso Intensivo de Nata\u00e7\u00e3o [Feira]"},"content":{"rendered":"<p><span style=\"font-size: 14px; font-family: Ubuntu; color: #000000;\"><strong>Cursos dispon\u00edveis:<\/strong><\/span><\/p>\n<p><span style=\"font-weight: 400; font-size: 14px; font-family: Ubuntu; color: #000000;\"><strong>CI.AD01-FEIRA<\/strong> &#8211; (+16) &#8211; 2\u00aa, 3\u00aa, 4\u00aa e 5\u00aa \u00e0s 12H15 [adapta\u00e7\u00e3o &#8211; 16 aulas *]<\/span><\/p>\n<p><span style=\"font-weight: 400; font-size: 14px; font-family: Ubuntu; color: #000000;\"><strong>CI.AD02-FEIRA<\/strong> &#8211; (+16) &#8211; 2\u00aa, 4\u00aa e 5\u00aa \u00e0s 15H45 [adapta\u00e7\u00e3o &#8211; 12 aulas]<\/span><\/p>\n<p>&nbsp;<\/p>\n<p>A op\u00e7\u00e3o de pagamento em presta\u00e7\u00f5es \u00e9 exclusivo para pagamento na secretaria:<\/p>\n<p>* <strong>2x 35,75\u20ac<\/strong><\/p>\n","protected":false},"excerpt":{"rendered":"<p>Cursos dispon\u00edveis: CI.AD01-FEIRA &#8211; (+16) &#8211; 2\u00aa, 3\u00aa, 4\u00aa e 5\u00aa \u00e0s 12H15 [adapta\u00e7\u00e3o &#8211; 16 aulas *] CI.AD02-FEIRA &#8211; (+16) &#8211; 2\u00aa, 4\u00aa e 5\u00aa \u00e0s 15H45 [adapta\u00e7\u00e3o &#8211; 12 aulas] &nbsp; A op\u00e7\u00e3o de pagamento em presta\u00e7\u00f5es \u00e9 exclusivo para pagamento na secretaria: * 2x 35,75\u20ac<\/p>\n","protected":false},"featured_media":6764,"comment_status":"closed","ping_status":"closed","template":"","meta":[],"product_brand":[],"product_cat":[362,349],"product_tag":[232,294,296,329,333,348],"class_list":{"0":"post-2215","1":"product","2":"type-product","3":"status-publish","4":"has-post-thumbnail","6":"product_cat-cursos-intensivos","7":"product_cat-servicos","8":"product_tag-aprender-a-nadar","9":"product_tag-curso-intensivo","10":"product_tag-curso-intensivo-de-natacao","11":"product_tag-natacao","12":"product_tag-perder-o-medo-da-agua","13":"product_tag-santa-maria-da-feira","15":"first","16":"instock","17":"sold-individually","18":"taxable","19":"shipping-taxable","20":"purchasable","21":"product-type-variable"},"_links":{"self":[{"href":"https:\/\/www.hmcsports.pt\/hmc\/wp-json\/wp\/v2\/product\/2215","targetHints":{"allow":["GET"]}}],"collection":[{"href":"https:\/\/www.hmcsports.pt\/hmc\/wp-json\/wp\/v2\/product"}],"about":[{"href":"https:\/\/www.hmcsports.pt\/hmc\/wp-json\/wp\/v2\/types\/product"}],"replies":[{"embeddable":true,"href":"https:\/\/www.hmcsports.pt\/hmc\/wp-json\/wp\/v2\/comments?post=2215"}],"version-history":[{"count":10,"href":"https:\/\/www.hmcsports.pt\/hmc\/wp-json\/wp\/v2\/product\/2215\/revisions"}],"predecessor-version":[{"id":6765,"href":"https:\/\/www.hmcsports.pt\/hmc\/wp-json\/wp\/v2\/product\/2215\/revisions\/6765"}],"wp:featuredmedia":[{"embeddable":true,"href":"https:\/\/www.hmcsports.pt\/hmc\/wp-json\/wp\/v2\/media\/6764"}],"wp:attachment":[{"href":"https:\/\/www.hmcsports.pt\/hmc\/wp-json\/wp\/v2\/media?parent=2215"}],"wp:term":[{"taxonomy":"product_brand","embeddable":true,"href":"https:\/\/www.hmcsports.pt\/hmc\/wp-json\/wp\/v2\/product_brand?post=2215"},{"taxonomy":"product_cat","embeddable":true,"href":"https:\/\/www.hmcsports.pt\/hmc\/wp-json\/wp\/v2\/product_cat?post=2215"},{"taxonomy":"product_tag","embeddable":true,"href":"https:\/\/www.hmcsports.pt\/hmc\/wp-json\/wp\/v2\/product_tag?post=2215"}],"curies":[{"name":"wp","href":"https:\/\/api.w.org\/{rel}","templated":true}]}}