{"id":3970,"date":"2023-02-28T16:19:58","date_gmt":"2023-02-28T16:19:58","guid":{"rendered":"https:\/\/www.hmcsports.pt\/hmc\/?post_type=product&#038;p=3970"},"modified":"2025-05-08T13:22:12","modified_gmt":"2025-05-08T13:22:12","slug":"natacao-bebes","status":"publish","type":"product","link":"https:\/\/www.hmcsports.pt\/hmc\/product\/natacao-bebes\/","title":{"rendered":"Nata\u00e7\u00e3o para Beb\u00e9s"},"content":{"rendered":"<h1>Aula Experimental de Nata\u00e7\u00e3o para Beb\u00e9s<\/h1>\n<p>D\u00ea ao seu beb\u00e9 as primeiras bra\u00e7adas da vida de forma divertida e segura, junto aos seus maiores \u00eddolos: os pais!<\/p>\n<p>Nesta aula, o seu beb\u00e9 vai explorar as maravilhas da \u00e1gua, relembrando as sensa\u00e7\u00f5es reconfortantes do \u00fatero materno. A nata\u00e7\u00e3o desde os primeiros meses de vida n\u00e3o s\u00f3 fortalece o corpo e a coordena\u00e7\u00e3o motora do beb\u00e9, como tamb\u00e9m aprofunda o v\u00ednculo emocional e a confian\u00e7a entre pais e filhos.<\/p>\n<p><a href=\"https:\/\/www.hmcsports.pt\/hmc\/natacao-bebes\/\">[ saber mais ]<\/a><\/p>\n","protected":false},"excerpt":{"rendered":"<p>Introduza o seu beb\u00e9 ao mundo da nata\u00e7\u00e3o de forma segura e divertida, e fortale\u00e7a o v\u00ednculo com o seu filho.<\/p>\n","protected":false},"featured_media":3973,"comment_status":"closed","ping_status":"closed","template":"","meta":[],"product_brand":[],"product_cat":[349],"product_tag":[232,327,329],"class_list":{"0":"post-3970","1":"product","2":"type-product","3":"status-publish","4":"has-post-thumbnail","6":"product_cat-servicos","7":"product_tag-aprender-a-nadar","8":"product_tag-modalidades-criancas","9":"product_tag-natacao","11":"first","12":"instock","13":"virtual","14":"taxable","15":"purchasable","16":"product-type-simple"},"_links":{"self":[{"href":"https:\/\/www.hmcsports.pt\/hmc\/wp-json\/wp\/v2\/product\/3970","targetHints":{"allow":["GET"]}}],"collection":[{"href":"https:\/\/www.hmcsports.pt\/hmc\/wp-json\/wp\/v2\/product"}],"about":[{"href":"https:\/\/www.hmcsports.pt\/hmc\/wp-json\/wp\/v2\/types\/product"}],"replies":[{"embeddable":true,"href":"https:\/\/www.hmcsports.pt\/hmc\/wp-json\/wp\/v2\/comments?post=3970"}],"version-history":[{"count":2,"href":"https:\/\/www.hmcsports.pt\/hmc\/wp-json\/wp\/v2\/product\/3970\/revisions"}],"predecessor-version":[{"id":6359,"href":"https:\/\/www.hmcsports.pt\/hmc\/wp-json\/wp\/v2\/product\/3970\/revisions\/6359"}],"wp:featuredmedia":[{"embeddable":true,"href":"https:\/\/www.hmcsports.pt\/hmc\/wp-json\/wp\/v2\/media\/3973"}],"wp:attachment":[{"href":"https:\/\/www.hmcsports.pt\/hmc\/wp-json\/wp\/v2\/media?parent=3970"}],"wp:term":[{"taxonomy":"product_brand","embeddable":true,"href":"https:\/\/www.hmcsports.pt\/hmc\/wp-json\/wp\/v2\/product_brand?post=3970"},{"taxonomy":"product_cat","embeddable":true,"href":"https:\/\/www.hmcsports.pt\/hmc\/wp-json\/wp\/v2\/product_cat?post=3970"},{"taxonomy":"product_tag","embeddable":true,"href":"https:\/\/www.hmcsports.pt\/hmc\/wp-json\/wp\/v2\/product_tag?post=3970"}],"curies":[{"name":"wp","href":"https:\/\/api.w.org\/{rel}","templated":true}]}}